g/(-9))/((-1 - 5)/(-630)). Calculate the greatest common factor of 35 and d.
35
Let x = 28 + -17. Suppose 0 = 7*b - 10*b - 108. Let w = 80 + b. What is the greatest common factor of x and w?
11
Let h = -94 - 16. Let f = h - -250. Calculate the highest common factor of 28 and f.
28
Let y = -843270 - -843285. Suppose 4*f = -2*x + 64, 2*x = -3*x - 2*f + 152. Suppose x = 3*o - o. What is the highest common divisor of o and y?
15
Let r(d) = 216*d - 1901. Let i be r(11). What is the greatest common divisor of i and 855?
95
Let o be (133/((-1862)/420))/(-2). Suppose -5 = 3*t + 385. Let r = -70 - t. What is the highest common divisor of o and r?
15
Let v(u) = -26*u + 143. Let i(s) = -53*s + 287. Let w(c) = 3*i(c) - 5*v(c). Let t be w(5). Calculate the highest common divisor of 45 and t.
1
Let b be (-48 - -7588)/(-3 + 4). What is the greatest common factor of 232 and b?
116
Let b = 39 - 2. Suppose b = 2*d - 3. Let k(p) = 13*p + 2. Let h be k(6). What is the highest common divisor of d and h?
20
Let b = 1203 - 1191. What is the greatest common factor of b and 636?
12
Suppose -315 = 5*r - 330, -5940 = -3*f + 4*r. What is the greatest common divisor of 31 and f?
31
Suppose 0 = -3*a - 0 + 12. Let i = 842 - 734. Calculate the highest common factor of a and i.
4
Suppose 4*v = g - 274, 6*g - 11*g + 1438 = -3*v. Let s = -381 - -401. Calculate the greatest common factor of g and s.
10
Suppose 3*j - 286 = -16. Suppose 0 = 4*q - 7*d - 1277, 5*q - 1544 = -15*d + 19*d. What is the greatest common factor of q and j?
30
Suppose 5*f - 18 = h, 2*f + 5*h = 3*h. Suppose -2*a - f + 55 = 0. Let s = -378 - -508. What is the greatest common divisor of s and a?
26
Let k(n) = 73*n - 1. Let d be k(1). Suppose -156*h = j - 152*h - 46, 0 = -4*j - 3*h + 210. Calculate the highest common factor of d and j.
18
Let o(c) = 119*c**3 + 3*c**2 - 7*c + 4. Let k be o(1). Let d be -34*((-33)/(-6) + -4)*-1. Calculate the greatest common factor of d and k.
17
Let q(f) = -32*f**2 - 1395*f + 71. Let n be q(-43). Calculate the greatest common divisor of n and 1944.
24
Let h(x) = -x**2 - 4*x + 12. Let c be h(-6). Suppose 2*g + c*d - 15 = 5*d, 0 = g - d - 15. Calculate the highest common divisor of g and 110.
10
Let r = 52 + 17. Suppose 33 = -6*z + r. Suppose -8*u + z = -6*u. What is the highest common divisor of u and 3?
3
Suppose -3*k = 6, -8*o + 5*o = -5*k - 220. Calculate the highest common divisor of o and 1568.
14
Let t(s) = 561*s + 6. Let d be 5/(-5)*(-10 - -8). Let c be t(d). Calculate the greatest common factor of c and 24.
24
Let p be 7/(105/9) + (-1099)/(-35). Let f be p/1 - (-29 + 31). Calculate the highest common divisor of f and 12.
6
Let p(h) = -h**3 - 14*h**2 + 10*h - 59. Let o be p(-15). Suppose o*g - 2698 = -826. Calculate the greatest common divisor of 9 and g.
9
Suppose -362*z + 348*z = -420. Calculate the greatest common factor of z and 795.
15
Suppose -3*x + 3*v = 0, -x - 2*v + 24 = 3*x. Suppose 3*c - h + 5 = -2, 1 = h. Let i be (((-9)/c)/3)/(3/40). Calculate the greatest common factor of x and i.
4
Let y be (4/1 + -5)*141. Let j = -81 - y. What is the greatest common factor of 24 and j?
12
Suppose 1509374 = 89*i - 69931. Calculate the greatest common factor of i and 210.
105
Let d be (-9 - (5 - 264/16))/(2/4). What is the highest common factor of d and 1985?
5
Let d be ((-611)/(-26))/((-14)/(-168)). Calculate the highest common factor of 14241 and d.
141
Let f = -20356 - -20393. Calculate the highest common factor of f and 21830.
37
Let w(r) = 76*r**2 + 193*r - 193. Let g be w(1). What is the highest common factor of 4370 and g?
38
Let m be 7/(147/198)*70/15. Suppose -1 + 14 = 5*a + 3*q, 0 = 2*a - 2*q - 18. Suppose 2*r = 3 + a. Calculate the greatest common factor of r and m.
4
Suppose 19*b = 53101 + 1999. What is the highest common divisor of b and 800?
100
Suppose 0 = d + 2*i - 25326, 147*i - 144*i + 50603 = 2*d. Calculate the greatest common factor of 64 and d.
32
Let v be (138/(-30) + 5)/((-7)/35). Let a be (-6)/v*(-8 + 1 - -58). Suppose 4*h - 14 = 22. Calculate the highest common factor of h and a.
9
Suppose -25*y - 34 = -84. Let j be (3 - -2)*(-3)/(-30)*14. What is the highest common divisor of j and y?
1
Suppose -67 - 549 = 7*o. Let h = -43 - o. Suppose 11*s - 7*s - 72 = 0. Calculate the highest common divisor of s and h.
9
Suppose 2*t = 2*w - 6, -5*w - t = -4*t - 9. Let j be (-230)/(-26) - (w + (-6)/39). What is the greatest common factor of 117 and j?
9
Suppose 4*q - 4*m - 3580 = -2*m, -5*m = -2*q + 1782. What is the greatest common factor of q and 7?
7
Let r = 457 + -455. Suppose 0 = -r*p - 2*p + 12. Calculate the greatest common divisor of p and 15.
3
Let p be -7 - ((-4)/14 + (-121383)/63). Calculate the highest common factor of 150 and p.
30
Suppose 4*a + 3*f = 4049, -4*a - 1021 = -5*a - 2*f. What is the highest common factor of 954 and a?
53
Suppose -27*a + 48*a + 28*a = 212415. Calculate the highest common divisor of 15 and a.
15
Suppose 0 = -z + 4*d + 280, 4*z - 4*d - 355 = 705. What is the highest common factor of 455 and z?
65
Let r(q) = -q**3 + 2*q**2 + 3*q - 6. Let j be r(2). Suppose -3*c + 55 + 74 = j. Let u = 219 - c. What is the highest common divisor of u and 16?
16
Let s = -278 + 286. Suppose -i + 81 = s*i. Calculate the greatest common factor of i and 6.
3
Suppose 2*w - 6 = 42. Let b(p) = 3*p**2 + 8*p - 11. Let v be 12/(-20) - 66/15. Let u be b(v). Calculate the greatest common divisor of w and u.
24
Suppose 0 = -11*n + 25*n + 14. Let u(x) = 34*x**2 + 4*x + 5. Let m be u(n). Calculate the highest common factor of m and 35.
35
Let a(w) be the first derivative of 5*w**2/2 - 22*w + 11. Let l be a(14). Let h(v) = -5*v + 7. Let j be h(-5). What is the greatest common divisor of l and j?
16
Let z be (-280)/(-16) + (-1 - (-6)/4). Suppose 110 = 5*g - 5*q, z = 4*g + 3*q - 84. Calculate the greatest common factor of g and 72.
24
Let t be (-7 - 80/(-8)) + -6 + 230. Calculate the highest common factor of t and 29737.
227
Let l be ((-10)/(-8))/(1*4/(-16)) + 245. What is the highest common divisor of l and 420?
60
Let l(d) = 176*d**2 - 198*d - 588. Let o be l(-3). What is the highest common divisor of o and 1113?
159
Let l(p) = 2*p**3 - 11*p**2 + 4*p + 15. Let m be l(5). Let o(i) = -7*i**3 - 3*i**2 + 47*i + 149. Let h be o(-3). What is the greatest common factor of m and h?
10
Let m be (1 - -2 - (-2 - -1)) + -1. Suppose m*j - 10*j - 7 = 0. Let x be (10/(1*j))/(51/(-408)). What is the highest common divisor of x and 16?
16
Let c = -947 - -950. Suppose -c*f - 4*l = -66, f + l - 49 = -f. Calculate the highest common factor of f and 338.
26
Let y(f) = -2*f**3 - 12*f**2 + 45*f - 46. Let s be y(-9). What is the greatest common divisor of s and 2905?
35
Let f(n) = -9*n**3 + 2*n - 2. Let m be f(-2). Suppose 72 = 3*v + m. Calculate the highest common divisor of v and 20.
2
Let h(x) = -9*x - 46. Let r be h(-6). Suppose -104 = -r*a - 56. Suppose 0 = -0*k + 5*k - 240. What is the greatest common factor of k and a?
6
Let t be (4 - -4)/2 - (4 + 421). Let f = 520 + t. What is the highest common factor of f and 66?
33
Let i(u) = -u**3 - 5*u**2 - 2*u - 5. Let z be i(-4). Let s = -10 - z. Suppose -133 + 421 = s*t. What is the greatest common factor of 12 and t?
12
Let x = 6199 - 6165. What is the greatest common divisor of x and 10982?
34
Let j = 3135 + -2135. Suppose 40*p + j = 45*p. Suppose 0 = -9*q + p + 25. What is the greatest common factor of q and 1?
1
Let q(s) = -s**2 - 3*s. Let o(m) = 2*m**2 + 5*m + 2. Let c(v) = -2*o(v) - 5*q(v). Let y be c(-17). What is the highest common factor of y and 25?
25
Let q be 17 + 35530/(-8 + 30). Calculate the highest common factor of 960 and q.
96
Let i(b) be the second derivative of -8*b**3/3 - 11*b**2/2 + 14*b. Let m be i(-3). What is the highest common divisor of 148 and m?
37
Suppose -32 = -3*q + 5*b, -q - 41*b = -39*b - 7. Suppose q*r = -4*r + 936. Calculate the highest common divisor of r and 32.
8
Let l = 17 + 42. Let h = l - 39. Let p = 7094 - 6874. What is the highest common factor of p and h?
20
Let v be -6*1 + (90/63)/(165/1617). What is the highest common divisor of v and 7816?
8
Suppose -r + 2 = -2. Let x be 16/(-14) + (-26962)/(-182). Let f be (7 + -1)*245/x*1. Calculate the highest common divisor of r and f.
2
Let z(m) = 